{"id":40,"date":"2025-05-13T08:54:04","date_gmt":"2025-05-13T08:54:04","guid":{"rendered":"http:\/\/kuu-mosor.hr\/2025\/?page_id=40"},"modified":"2025-11-09T08:30:50","modified_gmt":"2025-11-09T08:30:50","slug":"osnivanje-i-djelovanje","status":"publish","type":"page","link":"http:\/\/kuu-mosor.hr\/2025\/?page_id=40","title":{"rendered":"Osnivanje i djelovanje"},"content":{"rendered":"\n\n\n<h2>Utjecaj i zna\u010daj<\/h2>\n<h2>Osnivanje  i djelovanje<\/h2>\n\n<p>1954. godine, grupa Ga\u0107ana, zaljubljenika u Poljica i polji\u010dku pro\u0161lost, odlu\u010dila je jo\u0161\njednom postaviti na scenu drame don Stipe Ka\u0161telana. Kako bi uspjeli u naumu, odlu\u010dili su\nosnovati KUD i nazvati ga Selja\u010dka sloga, no zbog zakonskih odredbi, nisu uspjeli te su\nnastavili raditi kao dramska grupa pod vodstvom Ljube Bobana, kasnije uva\u017eenog akademika.\n\nGodine 1962. se osamostaljuju i osnivaju KUD Mosor koja djeluje i dan danas a koji je dugo\ngodina vodio gospodin Ivo Marjanovi\u0107. Sudjelovali su na mnogim smotrama dramskih\namatera Dalmacije i Hrvatske \u2013 Sinj, Imotski, Starigrad na Hvaru, \u017drnovo na Kor\u010duli,\nVinkovci, Vara\u017edin. Na svim smotrama osvojene su mnoge nagrade i ostvareni zavidni\nrezultati. Kao nagradu za trud i uspje\u0161an rad i kao jedno od najboljih amaterskih dru\u0161tava\nProsvjetni sabor Hrvatske ih upu\u0107uje kao predstavnike SR Hrvatske na Smotru dramskih\namatera Jugoslavije u Valjevo, u Prizren. Na Splitskom ljetu su bili uvr\u0161teni u program 1981,\n1983. i kasnije 1993. Po\u010detkom osamdesetih Ivo Marjanovi\u0107 sastavlja kola\u017e drame iz polji\u010dke\npro\u0161losti u tri djela: Od po\u010dela do rasula \u010dija praizvedba je bila u Gatima na blagdan Sv.\nJurja, 23. travnja 1984. godine.\nSvojim radom i dostignu\u0107ima su zainteresirali javne medije te su u vi\u0161e navrata\nsudjelovali u programima radija i televizije. Sudjelovali su u mnogim emisijama \u0160kolskog\nprograma, putopisnim reporta\u017eama o \u017eivotu i radu Poljica i Polji\u010dana.\nKao \u0161to znamo, uz one stare, tradicionalne i priznate smotre, zadnjih nekoliko godina se\nmnogo raznovrsnih kulturnih zbivanja po\u010delo odvijati u malim mistima svud naokolo. Na\u0161i\npredstavnici su bili pozvani i rado prihva\u0107eni u cijeloj Hrvatskoj. Da nabrojim samo neka\nmjesta gdje su gostovali (vi\u0161e puta): Metkovi\u0107, Mu\u0107, Naklice, Dugi Rat, Murter, Podstrana,\nKa\u0161tela, Dani Polji\u010dana u Zagrebu, Zagreba\u010dki ma\u0111unarodni velesajam 2006. \u2013 predstavnici\n\u017eupanije, Solin, Pag, Vinkova\u010dke jeseni, Cvelferija \u2013 Vrbanja,\n2006. godine su odlu\u010dili pokrenuti selo i unijeti malo veselja i razbribrige u duge\nte\u017ea\u010dke dane svojih sumje\u0161tana. Organizirali su kulturno ljeto Dani Ive Marjanovi\u0107a. Bogatim\nprogramom su ispunili kolovoz te skratili muke vru\u0107ih i sparnih ljetnih ve\u010deri. Va\u017eno je\nistaknuti kako tradicija igranja predstava se\u017ee u daleku pro\u0161lost, to\u010dnije 1919. godinu, stoga ni\nne \u010dudi \u0161to su Gata uspje\u0161no iznijela sveobuhvatni projekt Gatskog kulturnog ljeta koje je u\nprvom redu dramskog karaktera.\nJedan od va\u017enijih projekata Udruge bilo je novo, osvje\u017eeno postavljanje predstave Od\npo\u010dela do rasula; nova postava glumaca s tek nekolicinom ozbiljnijih koji su sudjelovali i u\nranijim izvedbama. Iz HNK Split je stigao i novi redatelj \u2013 gospodin Trpimir Jurki\u0107.\nNastavljena je uspje\u0161na suradnja te je 2008. postavljena moderna verzija Prodane djevojke s\nkojom je ostvaren velik broj gostovanja. Dovr\u0161eni projekt je i kazali\u0161ni komad Nosi nas rijeka\nElvisa Bo\u0161njaka premijerno izveden na fe\u0161tu sv. Jure u Gatima 2009. godine. Spomenuta\npredstava je na dr\u017eavnoj smotri dramskih amatera 2010. osvojila plakete za najbolju glavnu\nmu\u0161ku (Ivica Borovac) i glavnu \u017eensku (Biljana Borovac) ulogu, a ujedno je bila i uvr\u0161tena\nme\u0111u tri najbolje predstave. Uslijedila su brojna gostovanja.\nOd jeseni 2010. spremala se i komedija Testament koja je premijerno izvedena u Gatima na\nfe\u0161ti sv. Jurja, 29. travnja 2012. godine. U samo nekoliko mjeseci, predstavu se igralo\ndvadesetak puta. Nakon Gata, u Omi\u0161u, Ostrvici, na Slimenu, u \u0160estanovcu, u Splitu i\ndrugdje. Sljede\u0107e godine nastupali su diljem Dalmacije, ali i \u0161ire. Me\u0111u zna\u010dajnijim\ngostovanjima svakako su Dubrovnik i Bitola u Makedoniji.\nU me\u0111uvremenu ni folklorna sekcija nije mirovala. Od samih po\u010detaka bilje\u017ee redovit\nrad i sudjelovanje na svim va\u017enijim smotrama folklora gdje izvode izvorno gluvo gatsko\n(polji\u010dko) kolo, a sredinom devedesetih po\u010dinju se upoznavati i s drugim kolima i plesovima\n\nLijepe Na\u0161e. Od 2008. do danas folklorna sekcija ima probe dvaput tjedno. Zahvaljuju\u0107i\npredanom radu do sada smo SD \u017eupaniju predstavljali nekoliko puta na Vinkova\u010dkim\njesenima, na \u0110akova\u010dkim vezovima, u Kutini, u Zagrebu i drugdje.\nStalna folklorna sekcija u ovom trenutku broji vi\u0161e od 100 djevoj\u010dica i dje\u010daka do 16 godina, a\n,,pri\u010duva&#8221; broji stotine. U rad su uklju\u010dena djeca iz Gata, \u010ci\u0161ala, Ostrvice, Smolonja,\nZve\u010danja, Naklica i Seoca, ili kako bismo mi rekli Polji\u010dani po\u0161tovani, od svih sela odabrani!.<\/p>\n\n\n\n\n\n\n\n\n\n\n","protected":false},"excerpt":{"rendered":"","protected":false},"author":1,"featured_media":0,"parent":0,"menu_order":0,"comment_status":"closed","ping_status":"closed","template":"","meta":{"pagelayer_contact_templates":[],"_pagelayer_content":"","footnotes":""},"class_list":["post-40","page","type-page","status-publish","hentry"],"_links":{"self":[{"href":"http:\/\/kuu-mosor.hr\/2025\/index.php?rest_route=\/wp\/v2\/pages\/40","targetHints":{"allow":["GET"]}}],"collection":[{"href":"http:\/\/kuu-mosor.hr\/2025\/index.php?rest_route=\/wp\/v2\/pages"}],"about":[{"href":"http:\/\/kuu-mosor.hr\/2025\/index.php?rest_route=\/wp\/v2\/types\/page"}],"author":[{"embeddable":true,"href":"http:\/\/kuu-mosor.hr\/2025\/index.php?rest_route=\/wp\/v2\/users\/1"}],"replies":[{"embeddable":true,"href":"http:\/\/kuu-mosor.hr\/2025\/index.php?rest_route=%2Fwp%2Fv2%2Fcomments&post=40"}],"version-history":[{"count":12,"href":"http:\/\/kuu-mosor.hr\/2025\/index.php?rest_route=\/wp\/v2\/pages\/40\/revisions"}],"predecessor-version":[{"id":743,"href":"http:\/\/kuu-mosor.hr\/2025\/index.php?rest_route=\/wp\/v2\/pages\/40\/revisions\/743"}],"wp:attachment":[{"href":"http:\/\/kuu-mosor.hr\/2025\/index.php?rest_route=%2Fwp%2Fv2%2Fmedia&parent=40"}],"curies":[{"name":"wp","href":"https:\/\/api.w.org\/{rel}","templated":true}]}}